ds digit of 2235309311?
3
What is the ten millions digit of 67575602?
6
What is the thousands digit of 28162369?
2
What is the hundred millions digit of 521422311?
5
What is the ten thousands digit of 1030160?
3
What is the hundreds digit of 107997019?
0
What is the hundreds digit of 27283067?
0
What is the millions digit of 160019993?
0
What is the tens digit of 4633426?
2
What is the millions digit of 473685757?
3
What is the hundreds digit of 689394123?
1
What is the millions digit of 225958901?
5
What is the millions digit of 239205569?
9
What is the hundreds digit of 23053887?
8
What is the billions digit of 4457521632?
4
What is the tens digit of 6885503627?
2
What is the millions digit of 182434553?
2
What is the tens digit of 962335274?
7
What is the thousands digit of 49604314?
4
What is the hundreds digit of 8194481792?
7
What is the thousands digit of 1130068222?
8
What is the units digit of 27690987?
7
What is the hundreds digit of 440891735?
7
What is the thousands digit of 302000878?
0
What is the hundred thousands digit of 163903521?
9
What is the thousands digit of 822375812?
5
What is the hundred thousands digit of 248014244?
0
What is the thousands digit of 801636236?
6
What is the tens digit of 188473388?
8
What is the ten millions digit of 2331149414?
3
What is the ten millions digit of 111309721?
1
What is the hundred thousands digit of 9483997?
4
What is the thousands digit of 29955811?
5
What is the hundreds digit of 464212656?
6
What is the hundreds digit of 231311809?
8
What is the tens digit of 207141486?
8
What is the hundred thousands digit of 6298129201?
1
What is the tens digit of 21222136?
3
What is the hundred thousands digit of 318807333?
8
What is the thousands digit of 42075283?
5
What is the tens digit of 4725538502?
0
What is the tens digit of 2089692598?
9
What is the units digit of 313870364?
4
What is the ten millions digit of 12865754?
1
What is the hundred millions digit of 7606933049?
6
What is the thousands digit of 112352622?
2
What is the hundred thousands digit of 1254690103?
6
What is the units digit of 7369851?
1
What is the millions digit of 21524984?
1
What is the ten millions digit of 1666663738?
6
What is the hundred millions digit of 1137207649?
1
What is the units digit of 33185379?
9
What is the tens digit of 36100980?
8
What is the millions digit of 29371797?
9
What is the units digit of 100622184?
4
What is the billions digit of 2209888365?
2
What is the millions digit of 27402213?
7
What is the hundreds digit of 658999236?
2
What is the thousands digit of 164475145?
5
What is the ten thousands digit of 855095305?
9
What is the hundreds digit of 21372384?
3
What is the ten thousands digit of 48887540?
8
What is the hundreds digit of 4998272564?
5
What is the hundred thousands digit of 559692579?
6
What is the ten thousands digit of 6279459610?
5
What is the tens digit of 8613211754?
5
What is the millions digit of 325507478?
5
What is the millions digit of 31461813?
1
What is the ten thousands digit of 2947666844?
6
What is the billions digit of 1278904837?
1
What is the units digit of 56292168?
8
What is the millions digit of 459279467?
9
What is the hundred thousands digit of 265898808?
8
What is the hundred millions digit of 467670725?
4
What is the units digit of 166483472?
2
What is the thousands digit of 41118196?
8
What is the hundred thousands digit of 1145642682?
6
What is the thousands digit of 222264929?
4
What is the tens digit of 39622514?
1
What is the units digit of 179566982?
2
What is the millions digit of 104808172?
4
What is the tens digit of 449069316?
1
What is the thousands digit of 48697518?
7
What is the tens digit of 502751?
5
What is the billions digit of 1416865273?
1
What is the units digit of 18872148?
8
What is the hundreds digit of 403234962?
9
What is the hundred millions digit of 1528158160?
5
What is the ten thousands digit of 4310703024?
0
What is the hundred millions digit of 2025542145?
0
What is the billions digit of 1963775468?
1
What is the millions digit of 811609880?
1
What is the ten thousands digit of 104986399?
8
What is the thousands digit of 1653527397?
7
What is the billions digit of 1713043063?
1
What is the millions digit of 1085071?
1
What is the hundred millions digit of 1887309807?
8
What is the ten thousands digit of 44878129?
7
What is the hundred millions digit of 245330520?
2
What is the hundreds digit of 88098888?
8
What is the hundred thousands digit of 1686811441?
8
What is the tens digit of 1236724286?
8
What is the hundreds digit of 837587135?
1
What is the ten millions digit of 50636031?
5
What is the units digit of 64659695?
5
What is the hundred millions digit of 345602416?
3
What is the thousands digit of 885216183?
6
What is the thousands digit of 886513277?
3
What is the millions digit of 971840192?
1
What is the tens digit of 5468977528?
2
What is the hundreds digit of 45357179?
1
What is the hundred millions digit of 1282150536?
2
What is the ten thousands digit of 92300294?
0
What is the hundred thousands digit of 1760351575?
3
What is the millions digit of 945739763?
5
What is the thousands digit of 5572161748?
1
What is the millions digit of 653761255?
3
What is the ten thousands digit of 1743387575?
8
What is the hundreds digit of 4783340691?
6
What is the hundred thousands digit of 158695346?
6
What is the hundred millions digit of 2116849696?
1
What is the thousands digit of 31270602?
0
What is the ten millions digit of 403784801?
0
What is the millions digit of 1368624925?
8
What is the ten thousands digit of 347852028?
5
What is the millions digit of 18025445?
8
What is the hundred thousands digit of 6870073?
8
What is the ten millions digit of 74548180?
7
What is the hundred thousands digit of 71280484?
2
What is the ten thousands digit of 61652582?
5
What is the hundred thousands digit of 1480916131?
9
What is the hundred thousands digit of 113763976?
7
What is the ten thousands digit of 85594289?
9
What is the ten millions digit of 179158688?
7
What is the units digit of 384041477?
7
What is the thousands digit of 44281573?
1
What is the ten thousands digit of 4952049?
5
What is the hundred thousands digit of 90936930?
9
What is the billions digit of 7045377379?
7
What is the hundreds digit of 99293247?
2
What is the hundred millions digit of 539525073?
5
What is the hundred thousands digit of 2313275?
3
What is the millions digit of 524675002?
4
What is the hundred thousands digit of 189546867?
5
What is the hundred thousands digit of 6021236043?
2
What is the millions digit of 7549905425?
9
What is the tens digit of 3321187232?
3
What is the ten millions digit of 11096104?
1
What is the ten thousands digit of 62154252?
5
What is the millions digit of 465268890?
5
What is the hundreds digit of 203766492?
4
What is the units digit of 41050236?
6
What is the ten millions digit of 112626594?
1
What is the tens digit of 23393357?
5
What is the hundred millions digit of 264200442?
2
What is the millions digit of 8878125730?
8
What is the millions digit of 744248769?
4
What is the ten millions digit of 89055734?
8
What is the thousands digit of 1129642589?
2
What is the millions digit of 5381375954?
1
What is the hundred thousands digit of 5714112?
7
What is the units digit of 126041724?
4
What is the millions digit of 9849117?
9
What is the tens digit of 569032906?
0
What is the hundred thousands digit of 195852?
1
What is the thousands digit of 62573082?
3
What is the tens digit of 1281603175?
7
What is the ten thousands digit of 3446290404?
9
What is the thousands digit of 948414710?
4
What is the ten thousands digit of 841696821?
9
What is the ten thousands digit of 258987535?
8
What is the tens digit of 191882386?
8
What is the hundred millions digit of 2263229431?
2
What is the millions digit of 2126497407?
6
What is the hundred thousands digit of 1101544546?
5
What is the ten millions digit of 41942249?
4
What is the hundred thousands digit of 3355557811?
5
What is the units digit of 181336329?
9
What is the tens digit of 15730257?
5
What is the millions digit of 412994691?
2
What is the hundreds digit of 57900353?
3
What is the hundred millions digit of 663575535?
6
What is the hundreds digit of 829